120 + 110?
10200222230
In base 7, what is 2634415 + 11?
2634426
In base 4, what is -1 + 3320033111?
3320033110
In base 13, what is 2757 + -111a?
163a
In base 12, what is 3 + 3b900028?
3b90002b
In base 3, what is -1200021 - -1002200122220?
1002121222122
In base 8, what is -100503376 - 0?
-100503376
In base 16, what is -4a70bb + 1f?
-4a709c
In base 8, what is 21264 + 13215?
34501
In base 7, what is 63 - -10356365?
10356461
In base 9, what is 7 - 76330667?
-76330660
In base 12, what is 3 + -19197bb1?
-19197baa
In base 8, what is -27 + 11237154?
11237125
In base 16, what is -3 - -5a39ab3?
5a39ab0
In base 12, what is 2914 - 10b9?
1817
In base 5, what is -123 + -2401110?
-2401233
In base 11, what is 1216 - 65664?
-64449
In base 5, what is 2012044043 - 3?
2012044040
In base 2, what is 100010001000100011 + -10?
100010001000100001
In base 4, what is -120001 - 12002330?
-12122331
In base 5, what is 0 + -1122312101?
-1122312101
In base 16, what is -93 + -51518?
-515ab
In base 5, what is 4421 - 140223032?
-140213111
In base 2, what is -110100011111000110110101 - 110?
-110100011111000110111011
In base 2, what is 100011001011001011100011110 - 1100?
100011001011001011100010010
In base 15, what is -e1a021 - 12?
-e1a033
In base 3, what is -211101 - -2002010002?
2001021201
In base 6, what is 3225021 - -1340?
3230401
In base 12, what is -3 - -1b7534?
1b7531
In base 9, what is -1 + -77446185?
-77446186
In base 13, what is -1 - cc693c?
-cc6940
In base 15, what is 837c - 4a2e?
384d
In base 6, what is -214411 - 233115?
-451530
In base 2, what is -100110 - -1101010101101001111?
1101010101100101001
In base 8, what is -1367 - 16005?
-17374
In base 2, what is -1000 - 100010010110010011010?
-100010010110010100010
In base 15, what is 59d472 - bc?
59d3a5
In base 12, what is 23851b8 + -1?
23851b7
In base 7, what is 24 - 1556453?
-1556426
In base 10, what is -16600 - -326?
-16274
In base 7, what is -41201 - -213?
-40655
In base 3, what is -21012201122222 + 1012?
-21012201121210
In base 16, what is d3060 - -41?
d30a1
In base 11, what is -941a01 + -7?
-941a08
In base 8, what is 6042511 - -27?
6042540
In base 16, what is -99de - 10?
-99ee
In base 2, what is 1110001001110111001010100001 - 0?
1110001001110111001010100001
In base 10, what is -40 - 4330935?
-4330975
In base 3, what is 1202210002002012120 - -11?
1202210002002012201
In base 11, what is 29589966 - -4?
2958996a
In base 15, what is 70 - -de11?
de81
In base 11, what is 17406988 - 1?
17406987
In base 16, what is -486d46 + -a?
-486d50
In base 10, what is 7 - -151062710?
151062717
In base 13, what is 229916 - -1?
229917
In base 2, what is 1011001010101001010110100100 - 11?
1011001010101001010110100001
In base 13, what is 36c4 - -1846b?
1bb62
In base 15, what is -2 + -1cbaccc?
-1cbacce
In base 6, what is -13 - 4501112150?
-4501112203
In base 9, what is -5 + -6334180?
-6334185
In base 6, what is -21132323303 - 10?
-21132323313
In base 2, what is 101010100000010 - 10110010?
101010001010000
In base 6, what is 133 - -10350145?
10350322
In base 3, what is 21002110022002122 - -2?
21002110022002201
In base 2, what is -1000010111010000 - 1101000011?
-1000100100010011
In base 15, what is 20e79 - 300?
20b79
In base 4, what is 1 - -10123320220?
10123320221
In base 10, what is 6 + 16856072?
16856078
In base 8, what is -13 + 12301146?
12301133
In base 16, what is 202e4bbd + 0?
202e4bbd
In base 5, what is -233 - 13100410?
-13101143
In base 3, what is 11 - -11221222022221110?
11221222022221121
In base 10, what is 19 - -316970?
316989
In base 12, what is 393377 - -18a?
393545
In base 3, what is -1022021122 + -21221?
-1022120120
In base 3, what is 20012000020220 - 12?
20012000020201
In base 2, what is -10101000110110011100000011100 - -1?
-10101000110110011100000011011
In base 12, what is -3 - -3234648?
3234645
In base 15, what is 9824 + -164c?
81c7
In base 16, what is -1031 - -1473?
442
In base 5, what is 4 - -30244443304?
30244443313
In base 9, what is -1482673 + -111?
-1482784
In base 7, what is 3002435 - 25?
3002410
In base 15, what is -3 - -aa1252?
aa124e
In base 9, what is 73166067 - 0?
73166067
In base 6, what is 0 + -25431055450?
-25431055450
In base 11, what is 55340 + -101?
5523a
In base 12, what is -27473 - 71?
-27524
In base 3, what is -20 - 1221112022220?
-1221112100010
In base 8, what is 162 - -5017140?
5017322
In base 13, what is -353 - -82c3?
7c70
In base 10, what is 1333 - 13679?
-12346
In base 6, what is -43 + 3323043201?
3323043114
In base 9, what is -1171 - 10488?
-11670
In base 4, what is -2131 + -33131120032?
-33131122223
In base 2, what is 10000001001010000010110111 + 111?
10000001001010000010111110
In base 7, what is -163 - -6331?
6135
In base 10, what is -4002901 - -18?
-4002883
In base 8, what is -1177 + -1574?
-2773
In base 15, what is 19bb - 7b?
1940
In base 15, what is -5 - 56679c0?
-56679c5
In base 4, what is -201132123120 + 1?
-201132123113
In base 16, what is -4a28 - 4af?
-4ed7
In base 13, what is -1501b1 + 8b8?
-14c5c6
In base 3, what is -1 - 112221210021110?
-112221210021111
In base 14, what is 4 + 1468b382?
1468b386
In base 4, what is 2121321301231 - -2?
2121321301233
In base 9, what is -3 - -17585573?
17585570
In base 12, what is 22966 - 4a49?
19b19
In base 4, what is 13 + 2201023131?
2201023210
In base 4, what is -11321223 - 1210100?
-13131323
In base 11, what is -2658 - 174811?
-177369
In base 3, what is 1201111111 - 1101?
1201110010
In base 13, what is -c7177 - -336?
-c6b41
In base 11, what is -1 + -206965?
-206966
In base 16, what is 6 + 14d068?
14d06e
In base 2, what is -101001100001110 + -11000011?
-101001111010001
In base 3, what is -10121210110102 - -101?
-10121210110001
In base 7, what is -3562214 + -3066?
-3565313
In base 13, what is 1 + -13cc806?
-13cc805
In base 9, what is 8146506 + -26?
8146470
In base 13, what is 63271c + -5?
632717
In base 7, what is 30351102 - -561?
30351663
In base 3, what is 10 + 10000110212222?
10000110220002
In base 12, what is 1a9 - -4263?
4450
In base 13, what is 858876a + -4?
8588766
In base 9, what is -785 - 46533?
-47428
In base 5, what is 332204 - -110232?
442441
In base 16, what is -9e635a + 1?
-9e6359
In base 15, what is -3 - 29530?
-29533
In base 15, what is -671a + -776?
-6e91
In base 11, what is -4 - -334694?
334690
In base 13, what is 18ba - 6b26?
-5239
In base 13, what is 3 + -2800c8c?
-2800c89
In base 16, what is af0ae - -e5?
af193
In base 16, what is 4 - 1ebf99?
-1ebf95
In base 9, what is -16811 - -41615?
23704
In base 2, what is -1000011100110011001 + 111110?
-1000011100101011011
In base 12, what is -2 + -775563?
-775565
In base 2, what is -1000001 - -1000001111101001011011?
1000001111101000011010
In base 5, what is 1233040 - -4323?
1242413
In base 9, what is 217 + -50126?
-48808
In base 2, what is 111110 - -1010000101111011110101011?
1010000101111011111101001
In base 6, what is -235 + -1150454?
-1151133
In base 9, what is 76026 + 1268?
77305
In base 2, what is 100010001111111010 + -11?
100010001111110111
In base 5, what is -4 - 22042223423?
-22042223432
In base 10, what is -4 - -6297354?
6297350
In base 7, what is 130044 - -1503?
131550
In base 5, what is 433 - -1233223?
1234211
In base 5, what is -2314040 - -1?
-2314034
In base 10, what is 21 - -250151?
250172
In base 3, what is -1020 + -20202210?
-20211000
In base 9, what is -1134 - 1124?
-2258
In base 2, what is 101100001001011001 - -100001110?
101100001101100111
In base 15, what is -3a5 - -e3ab?
e006
In base 11, what is 438967 + 1?
438968
In base 11, what is -162 + 1295798?
1295636
In base 3, what is -1 + 202221010021102?
202221010021101
In base 6, what is 3154 - -2522412?
2530010
In base 7, what is 325344 - 40456?
254555
In base 2, what is 1110111010111 - 10100011111?
1100010111000
In base 6, what is -244 - -424020155?
424015511
In base 3, what is -210 - -22012100110?
22012022200
In base 5, what is 211211023 - 11?
211211012
In base 15, what is -c - -64cac?
64ca0
In base 4, what is -121 + 32310023311?
32310023130
In base 14, what is 1a019 - 5b1?
19848
In base 5, what is -11431242 - -23?
-11431214
In base 8, what is -10274775 - -24?
-10274751
In base 12, what is -1017392 - a?
-10173a0
In base 5, what is -104323231 + -13?
-104323244
In base 4, what is -10132 - 1013233132?
-1013303330
In base 13, w